 is divided by l.
15
Suppose 0 = 5*r - i - 17 - 22, 6 = -2*r - 5*i. Calculate the remainder when 11 is divided by r.
4
Suppose -4 = 2*x - 4*g, 7*x + 3*g = 2*x + 16. Suppose 10 = x*s + 24. Let v = 1 - s. Calculate the remainder when 23 is divided by v.
7
Calculate the remainder when 1/(-4)*62*(-11 - -3) is divided by 18.
16
Let n be (12/(-7))/(8/(-28)). Let s(v) = v**3 - 5*v**2 - 8. What is the remainder when s(n) is divided by 26/2 - (-2 - 0)?
13
Suppose -4*y + 4*q = -28, 2*y + 3*q + 21 = -2*q. What is the remainder when 188/10 + y/10 is divided by 5?
4
Let q(n) be the second derivative of n**5/20 + 2*n**4/3 + 5*n**3/6 - 7*n**2/2 - 2*n. What is the remainder when q(-6) is divided by 1/(2/(-12))*-2?
11
Suppose 0*z - 6*z = -684. What is the remainder when z is divided by 17?
12
Let p(n) = -2*n + 8. Let s be p(6). Let k(d) = d - d**2 + 0*d - 7*d - 6. Calculate the remainder when 4 is divided by k(s).
0
Suppose -o + 14 = f, 0*f - 4*o = 3*f - 42. Let k = 40 + -36. What is the remainder when f is divided by k?
2
Let w(o) be the second derivative of o**5/20 + 7*o**4/12 + o**3/6 + o**2/2 + 4*o. What is the remainder when w(-5) is divided by 16?
14
Let h be (-28)/(-1) - (2 - 1). Let n = h - 19. Suppose -3*d - 4*u = -6*u - 66, 0 = 2*d + 5*u - 44. Calculate the remainder when d is divided by n.
6
Suppose -3*r + 5 + 4 = 0. What is the remainder when 6 is divided by r?
0
Suppose 4*a + 0*a + 2*n = 20, 0 = 4*a - n - 26. What is the remainder when 46 is divided by a?
4
Suppose 0 = -3*r - r + 44. Suppose -7*q + 129 - 3 = 0. Calculate the remainder when q is divided by r.
7
Let k(p) = -9*p**3 + p**2 + 2*p + 1. Let c be 48/5 + 2/5. Suppose -l + 13 = -5*f - 2, 0 = 4*l + 5*f - c. Calculate the remainder when k(-1) is divided by l.
4
Let i(c) = -c - 11. What is the remainder when 19 is divided by i(-18)?
5
Suppose 3*t = -2*n + 47, -45 = -2*n - 0*t - 5*t. Calculate the remainder when 98 is divided by n.
23
Let o = -5 - -9. Calculate the remainder when o is divided by ((-12)/8)/((-1)/2).
1
What is the remainder when (-2 - (-228)/(-4))/(-1) is divided by 15?
14
Suppose -1072 = -2*s - 2*s. Suppose -5*r + 1378 = s. Suppose 4*p - r + 38 = 0. Calculate the remainder when p is divided by 12.
10
Suppose -4*p + 65 = p. Suppose -2*s + 38 = 2*y, -y + 2*y - p = 5*s. What is the remainder when y is divided by 10?
8
Let d = 86 + -69. Calculate the remainder when d is divided by 6.
5
Suppose -16*t = -11*t - 80. What is the remainder when t is divided by 6?
4
Let g = 75 + -35. Suppose 0*u - 4*u + 105 = 5*c, -c + 4*u = -21. Calculate the remainder when g is divided by c.
19
Suppose 0 = 5*h - h + 8. What is the remainder when 16 is divided by (-83)/(-9) + h/9?
7
Suppose -5*c - 11 = -51. Suppose -10 = -5*a, 5*i + c*a - 3*a = 265. Suppose -6*z + 3*z = -i. Calculate the remainder when z is divided by 9.
8
Let h(v) be the first derivative of -9*v**2 + 2*v + 2. Calculate the remainder when h(-2) is divided by 10.
8
Let a(r) = -r + 6. What is the remainder when (-1 - 0) + 9/3 is divided by a(5)?
0
Let p = -25 + 11. Let w = p + 17. Calculate the remainder when 6 is divided by w.
0
Suppose -4*i + 15 = -9. What is the remainder when 14 is divided by i?
2
Suppose 2*v - 6*v = -196. What is the remainder when v is divided by 25?
24
Let z(d) = -d + 7. Let r(x) = -x + 8. Let f(p) = -4*r(p) + 5*z(p). Let y be f(3). Suppose y*o = -o + 5. Calculate the remainder when 13 is divided by o.
3
Suppose -47 = -4*w + 5. Let j = w + -8. Suppose -2*y + 2*s + 26 = 0, -3*s - 2*s + 65 = j*y. What is the remainder when y is divided by 7?
6
Suppose 15*t - 252 = 303. Calculate the remainder when t is divided by 13.
11
Suppose 7*h = 5*h + 16. Let c = 41 + -18. Calculate the remainder when c is divided by h.
7
Let r(x) = -18*x + 0 - 1 - 3*x. Suppose -4*m = 1 - 29. What is the remainder when r(-1) is divided by m?
6
Let f(l) be the second derivative of 7*l**3/6 + l**2 + l. Suppose x - 3*s = -s + 43, 3*x = 2*s + 137. What is the remainder when x is divided by f(2)?
15
Let d(t) = t + 1. Let y be d(-1). Calculate the remainder when y - (6/(-3) - 1) is divided by 2.
1
Let z(h) = -21*h - 9. Let w be z(-5). Suppose 2*c = 3*a + 4*c - w, 3 = -c. Calculate the remainder when a is divided by 19.
15
Suppose 0*l = -l + 1, -l - 14 = -3*z. Suppose -4*d + 156 = -124. Suppose -z*w + d = 5*g + 5, w + 27 = 3*g. What is the remainder when 18 is divided by g?
8
Suppose -2084 = -5*o + o. Suppose 335 = 4*v - o. Suppose -2*h - 3*i = 3*h - 265, -v = -4*h - 2*i. Calculate the remainder when h is divided by 19.
18
Suppose -5*s - 30 = -7*s. What is the remainder when s is divided by 9?
6
Let c = 37 - 20. Suppose c = w - 12. Calculate the remainder when 114 is divided by w.
27
Let g(d) = -d + 1. Let a(b) = -2*b**3 + b**2 + 2*b - 1. Let h(v) = -a(v) + 2*g(v). Suppose 39 + 36 = 3*m. Calculate the remainder when m is divided by h(2).
4
Let r be 7 - (3 + -3 + 3). Suppose -r*y + 24 = -y. What is the remainder when y is divided by 3?
2
Suppose 0 = -2*d + 9 + 7. Suppose d = z + 4*i, 2*z + 2*i = 4*i + 26. Let o = -8 - -13. Calculate the remainder when z is divided by o.
2
Suppose -63 + 8 = -5*x. Calculate the remainder when 43 is divided by x.
10
What is the remainder when 49 is divided by (0 - 16/(-12))*12 + 3?
11
Suppose -3*v = 3*v - 42. What is the remainder when 13 - 1*(-1 - -2) is divided by v?
5
Suppose -u = 4*u + 550. Let c = 154 + u. Calculate the remainder when c is divided by 23 + (-1 - 0 - -1).
21
Suppose -c + 2*w - 3*w + 3 = 0, -4*w = 5*c - 17. Suppose -5*y - 2*l = -17, c = y - l + 3*l. Calculate the remainder when 11 is divided by y.
2
Suppose -5*a = -54 - 106. What is the remainder when 125 is divided by a?
29
Let r = 11 + 2. Suppose 3*q + 3*t = 0, 2*q = -0*t + 2*t. Suppose 3*b - 4*b + 51 = q. Calculate the remainder when b is divided by r.
12
Let k(b) = -b**2 + 3*b + 4. Let f be k(5). Let i = 17 + f. What is the remainder when (40/(-6))/(-2)*6 is divided by i?
9
Let v = 9 + 1. Suppose -2*n - 17 = -73. Calculate the remainder when n is divided by v.
8
Let w = 10 - 3. Let s = 3 + w. Suppose -k = -6*k + 4*j + 125, -5*k + 165 = 4*j. What is the remainder when k is divided by s?
9
Let f = -64 + 96. What is the remainder when f is divided by 17?
15
Let i be (-3 + 2)*2/1. Let w be (1 + i)*-2 - -1. Let u(k) = k**3 - 4*k**2 + 4*k - 1. What is the remainder when 4 is divided by u(w)?
0
Let h(l) = 32*l**3 - 1. Let p be h(-1). Let b(m) = m**3 - 6*m**2 - 8*m + 8. Let u be b(7). Calculate the remainder when 31 is divided by (4/(-12))/(u/p).
9
Suppose 5*g + 75 = 2*h + 2*h, 5*h - 60 = -5*g. What is the remainder when (0 - 1)/((-1)/h) is divided by 8?
7
Suppose 3*o - w = 126, o + w + 4*w - 58 = 0. What is the remainder when o is divided by 6?
1
Suppose 5*g - 24 = g. Calculate the remainder when 22 is divided by g.
4
Let i be 2*-1 - (-11 - -2). Suppose -3*y + 23 = -2*w, 4*w - i = -2*y + 35. What is the remainder when 31 is divided by y?
9
Let n(f) = -2*f + 47. What is the remainder when 158 is divided by n(7)?
26
Calculate the remainder when 9 is divided by (-2)/(-6)*11 + 1/3.
1
What is the remainder when (230/(-4)*(-8)/10)/2 is divided by 10?
3
Let c = -7 + 11. Let q = 1 + c. Let v = 11 - q. Calculate the remainder when 10 is divided by v.
4
Suppose -1 = 5*p - 11. Let u be (-18)/3*p/2. What is the remainder when 2 is divided by 32/12 + 4/u?
0
Let s(r) be the third derivative of r**4/6 - r**3/6 - r**2. What is the remainder when 30 is divided by s(3)?
8
Let t = 811 + -761. Let z = -16 - -33. What is the remainder when t is divided by z?
16
Let a = 1 + 2. Suppose -a*j = j - 48. What is the remainder when j is divided by 5?
2
Suppose -2*y - 3*y + 350 = 0. What is the remainder when y is divided by 18?
16
Let b(c) = 8*c**3 + 0*c**2 + 23*c**3 + 0*c**2 + c - 1 - c**2. Let r be b(1). Suppose f + 2*f - r = 0. What is the remainder when 17 is divided by f?
7
Let q = 34 + -16. Let x = q + -14. Calculate the remainder when 11 is divided by x.
3
Suppose -4*n = -0*n - 20. Suppose -5*f = n - 20. What is the remainder when f is divided by 3?
0
Suppose 36 = 4*l - 4*g + 8*g, 5*l = g + 45. Calculate the remainder when 25 is divided by l.
7
Let b = -33 - -66. Let n = b - 19. Calculate the remainder when 39 is divided by n.
11
Suppose -k - k = -120. Suppose 4*l - k = 5*z